{"id":228,"date":"2020-11-27T12:14:15","date_gmt":"2020-11-27T12:14:15","guid":{"rendered":"http:\/\/domainedepamadera.nl\/?page_id=228"},"modified":"2022-11-15T11:09:28","modified_gmt":"2022-11-15T11:09:28","slug":"beschikbaarheid","status":"publish","type":"page","link":"https:\/\/domainedepamadera.nl\/duits\/beschikbaarheid\/","title":{"rendered":"Verf\u00fcgbarkeit"},"content":{"rendered":"<p><span style=\"font-family: 'Rock Salt';\"><strong><span lang=\"de\">Verf\u00fcgbarkeit in der Domaine de Pamadera<\/span><\/strong><\/span><\/p>\n<p>Ist Frieden und Raum das, wonach Sie suchen ?!<\/p>\n<p>Dann sind Sie bei uns genau richtig!<\/p>\n<p><img decoding=\"async\" loading=\"lazy\" class=\"alignnone size-medium wp-image-229\" src=\"http:\/\/domainedepamadera.nl\/wp-content\/uploads\/2020\/11\/beschikbaarheid-300x167.png\" alt=\"\" width=\"300\" height=\"167\" srcset=\"https:\/\/domainedepamadera.nl\/wp-content\/uploads\/2020\/11\/beschikbaarheid-300x167.png 300w, https:\/\/domainedepamadera.nl\/wp-content\/uploads\/2020\/11\/beschikbaarheid.png 334w\" sizes=\"(max-width: 300px) 100vw, 300px\" \/>\u00a0 <img decoding=\"async\" loading=\"lazy\" class=\"alignnone wp-image-507 size-medium\" src=\"http:\/\/domainedepamadera.nl\/wp-content\/uploads\/2021\/02\/20210183-Doezelaar-Mialet-Transparant-01-300x212.png\" alt=\"\" width=\"300\" height=\"212\" srcset=\"https:\/\/domainedepamadera.nl\/wp-content\/uploads\/2021\/02\/20210183-Doezelaar-Mialet-Transparant-01-300x212.png 300w, https:\/\/domainedepamadera.nl\/wp-content\/uploads\/2021\/02\/20210183-Doezelaar-Mialet-Transparant-01-768x544.png 768w, https:\/\/domainedepamadera.nl\/wp-content\/uploads\/2021\/02\/20210183-Doezelaar-Mialet-Transparant-01.png 842w\" sizes=\"(max-width: 300px) 100vw, 300px\" \/><br \/>\n<span style=\"font-family: 'Rock Salt';\"><strong><span lang=\"de\">Wenn Sie sich in unseren wundersch\u00f6n angelegten Garten mit gem\u00fctlichen Ecken und einladenden Sitzbereichen zur\u00fcckziehen, werden Sie die H\u00e4ngematten unter den frischen gr\u00fcnen B\u00e4umen bemerken, die vom warmen Sommerwind leicht bewegt werden. Mit den F\u00fc\u00dfen durch das frisch geschnittene gr\u00fcne Gras begeben Sie sich zwischen die B\u00e4ume, um sich in diesen bequemen H\u00e4ngebetten oder H\u00e4ngesesseln niederzulassen. Vergessen Sie nicht, in unserem &#171;Lovetree&#187; Platz zu nehmen, unserem gr\u00f6\u00dften Baum in der Domaine, der \u00fcber 200 Jahre alt ist und Ihnen von einem faulen H\u00e4ngesessel aus eine ganz andere Perspektive auf die franz\u00f6sische Landschaft bietet.<\/span><\/strong><\/span><\/p>\n<p>W\u00e4hrend Sie sich hinlegen, blicken Sie auf den klaren blauen Himmel mit der gelegentlichen wei\u00dfen Schafwolke, die von einer wunderbaren Sommerbrise vorbeizieht. Sie haben Ihr Buch mitgebracht, aber bald schlie\u00dfen Sie die Augen und stellen sich f\u00fcr einen Moment als Gott in Frankreich vor &#8230;<\/p>\n<p>Sie lassen sich von Ihren Gedanken in das malerische franz\u00f6sische Dorf f\u00fchren, an dem Sie heute Morgen mit dem Fahrrad vorbeigefahren sind. Auf den weiten Feldern voller Raps und einem freundlichen Blick einer Kuhherde kommt man zu einer Ziegenk\u00e4sefarm.<\/p>\n<p><span style=\"font-family: 'Rock Salt';\"><strong><span lang=\"de\">Schauen Sie sich nat\u00fcrlich den typischen franz\u00f6sischen Bauernhof an, in dessen Augenwinkeln St\u00e4lle voller Ziegen stehen, die in der franz\u00f6sischen Morgensonne Schatten unter dem Dach suchen. K\u00f6stliche Ziegenk\u00e4sesorten starren Sie an und nat\u00fcrlich k\u00f6nnen Sie den charmanten Bauern probieren, der seinen K\u00e4se verkauft. Zufrieden w\u00e4hlen Sie Ihre Pr\u00e4ferenz und fahren in Richtung Domaine de Pamadera. Auf der Speisekarte sehen Sie, dass Sie heute Abend einen k\u00f6stlichen Ziegenk\u00e4sesalat genie\u00dfen k\u00f6nnen.<\/span><\/strong><\/span><\/p>\n<p>Wie entspannend beim Wegschwingen ist, wenn es in dieser Umgebung so sch\u00f6n sein kann &#8230;<\/p>\n<p><img decoding=\"async\" loading=\"lazy\" class=\"alignnone wp-image-508 size-medium\" src=\"http:\/\/domainedepamadera.nl\/wp-content\/uploads\/2021\/02\/20210183-Rond-24450-Mialet-Transparant-300x214.png\" alt=\"\" width=\"300\" height=\"214\" srcset=\"https:\/\/domainedepamadera.nl\/wp-content\/uploads\/2021\/02\/20210183-Rond-24450-Mialet-Transparant-300x214.png 300w, https:\/\/domainedepamadera.nl\/wp-content\/uploads\/2021\/02\/20210183-Rond-24450-Mialet-Transparant.png 741w\" sizes=\"(max-width: 300px) 100vw, 300px\" \/> <img decoding=\"async\" loading=\"lazy\" class=\"alignnone size-full wp-image-230\" src=\"http:\/\/domainedepamadera.nl\/wp-content\/uploads\/2020\/11\/beschikbaarheid2.png\" alt=\"\" width=\"258\" height=\"137\" \/><br \/>\n<span style=\"font-family: 'Rock Salt';\"><strong><span lang=\"de\">Verf\u00fcgbarkeit; Gerne pr\u00fcfen wir die Verf\u00fcgbarkeit f\u00fcr Sie. Da sich unsere Planung fast t\u00e4glich \u00e4ndert, m\u00f6chten wir, dass Sie die M\u00f6glichkeiten in vollen Z\u00fcgen genie\u00dfen.<\/span><\/strong><\/span><\/p>\n<p>F\u00fcllen Sie daher auf Knopfdruck unser Kontaktformular aus und teilen Sie uns Ihre W\u00fcnsche mit. Wir werden uns dann so schnell wie m\u00f6glich mit den Optionen in unserer Planung befassen und Ihnen Feedback geben. Wenn dies Ihren Anforderungen nicht vollst\u00e4ndig entspricht, bieten wir Ihnen eine Alternative an.<\/p>\n<p>Buchen Sie so fr\u00fch wie m\u00f6glich und vermeiden Sie Entt\u00e4uschungen!<\/p>\n<table>\n<tbody>\n<tr>\n<td width=\"243\">\n<table width=\"100%\">\n<tbody>\n<tr>\n<td><a href=\"http:\/\/domainedepamadera.nl\/contactformulier\/\"><strong>Naar contactformulier ><\/strong><\/a><\/td>\n<\/tr>\n<\/tbody>\n<\/table>\n<\/td>\n<\/tr>\n<\/tbody>\n<\/table>\n<p><span style=\"font-family: 'Rock Salt';\"><strong><span lang=\"de\">Klicken Sie oben, um zu unserem Kontaktformular zu gelangen.<\/span><\/strong><\/span><\/p>\n<p>Herzliche Gr\u00fc\u00dfe<\/p>\n<p>Team Domaine de Pamadera<\/p>\n<p><img decoding=\"async\" loading=\"lazy\" class=\"alignnone size-medium wp-image-1483\" src=\"https:\/\/domainedepamadera.nl\/wp-content\/uploads\/2022\/01\/E29B6296-3AA4-4E80-90A9-0E63D1EDB948-300x225.jpeg\" alt=\"\" width=\"300\" height=\"225\" srcset=\"https:\/\/domainedepamadera.nl\/wp-content\/uploads\/2022\/01\/E29B6296-3AA4-4E80-90A9-0E63D1EDB948-300x225.jpeg 300w, https:\/\/domainedepamadera.nl\/wp-content\/uploads\/2022\/01\/E29B6296-3AA4-4E80-90A9-0E63D1EDB948-1024x768.jpeg 1024w, https:\/\/domainedepamadera.nl\/wp-content\/uploads\/2022\/01\/E29B6296-3AA4-4E80-90A9-0E63D1EDB948-768x576.jpeg 768w, https:\/\/domainedepamadera.nl\/wp-content\/uploads\/2022\/01\/E29B6296-3AA4-4E80-90A9-0E63D1EDB948-1536x1152.jpeg 1536w, https:\/\/domainedepamadera.nl\/wp-content\/uploads\/2022\/01\/E29B6296-3AA4-4E80-90A9-0E63D1EDB948-2048x1536.jpeg 2048w\" sizes=\"(max-width: 300px) 100vw, 300px\" \/>\u00a0 <img decoding=\"async\" loading=\"lazy\" class=\"alignnone size-medium wp-image-1485\" src=\"https:\/\/domainedepamadera.nl\/wp-content\/uploads\/2022\/01\/06441F73-0C31-4375-B72F-6E1E39232579-300x225.jpeg\" alt=\"\" width=\"300\" height=\"225\" srcset=\"https:\/\/domainedepamadera.nl\/wp-content\/uploads\/2022\/01\/06441F73-0C31-4375-B72F-6E1E39232579-300x225.jpeg 300w, https:\/\/domainedepamadera.nl\/wp-content\/uploads\/2022\/01\/06441F73-0C31-4375-B72F-6E1E39232579-1024x768.jpeg 1024w, https:\/\/domainedepamadera.nl\/wp-content\/uploads\/2022\/01\/06441F73-0C31-4375-B72F-6E1E39232579-768x576.jpeg 768w, https:\/\/domainedepamadera.nl\/wp-content\/uploads\/2022\/01\/06441F73-0C31-4375-B72F-6E1E39232579-1536x1152.jpeg 1536w, https:\/\/domainedepamadera.nl\/wp-content\/uploads\/2022\/01\/06441F73-0C31-4375-B72F-6E1E39232579-2048x1536.jpeg 2048w\" sizes=\"(max-width: 300px) 100vw, 300px\" \/><\/p>\n","protected":false},"excerpt":{"rendered":"<p>Verf\u00fcgbarkeit in der Domaine de Pamadera Ist Frieden und Raum das, wonach Sie suchen ?! Dann sind Sie bei uns genau richtig! \u00a0 Wenn Sie sich in unseren wundersch\u00f6n angelegten Garten mit gem\u00fctlichen Ecken und einladenden Sitzbereichen zur\u00fcckziehen, werden Sie die H\u00e4ngematten unter den frischen gr\u00fcnen B\u00e4umen bemerken, die vom warmen Sommerwind leicht bewegt werden. [&hellip;]<\/p>\n","protected":false},"author":1,"featured_media":0,"parent":0,"menu_order":0,"comment_status":"closed","ping_status":"closed","template":"","meta":{"footnotes":""},"_links":{"self":[{"href":"https:\/\/domainedepamadera.nl\/duits\/wp-json\/wp\/v2\/pages\/228"}],"collection":[{"href":"https:\/\/domainedepamadera.nl\/duits\/wp-json\/wp\/v2\/pages"}],"about":[{"href":"https:\/\/domainedepamadera.nl\/duits\/wp-json\/wp\/v2\/types\/page"}],"author":[{"embeddable":true,"href":"https:\/\/domainedepamadera.nl\/duits\/wp-json\/wp\/v2\/users\/1"}],"replies":[{"embeddable":true,"href":"https:\/\/domainedepamadera.nl\/duits\/wp-json\/wp\/v2\/comments?post=228"}],"version-history":[{"count":33,"href":"https:\/\/domainedepamadera.nl\/duits\/wp-json\/wp\/v2\/pages\/228\/revisions"}],"predecessor-version":[{"id":2169,"href":"https:\/\/domainedepamadera.nl\/duits\/wp-json\/wp\/v2\/pages\/228\/revisions\/2169"}],"wp:attachment":[{"href":"https:\/\/domainedepamadera.nl\/duits\/wp-json\/wp\/v2\/media?parent=228"}],"curies":[{"name":"wp","href":"https:\/\/api.w.org\/{rel}","templated":true}]}}