{"id":334,"date":"2020-12-23T11:13:38","date_gmt":"2020-12-23T11:13:38","guid":{"rendered":"http:\/\/domainedepamadera.nl\/?page_id=334"},"modified":"2022-01-09T13:26:32","modified_gmt":"2022-01-09T13:26:32","slug":"sport-en-spel-2","status":"publish","type":"page","link":"https:\/\/domainedepamadera.nl\/duits\/sport-en-spel-2\/","title":{"rendered":"Sport und Spiel"},"content":{"rendered":"<p><br \/>\n<span style=\"font-family: 'Rock Salt';\"><strong><span lang=\"de\">Sport und Spiele am \u2026\u2026<\/span><\/strong><\/span><\/p>\n<p><span style=\"font-family: 'Rock Salt';\"><strong><img decoding=\"async\" loading=\"lazy\" class=\"alignnone size-medium wp-image-721\" src=\"http:\/\/domainedepamadera.nl\/wp-content\/uploads\/2021\/02\/sport-300x125.jpg\" alt=\"\" width=\"300\" height=\"125\" srcset=\"https:\/\/domainedepamadera.nl\/wp-content\/uploads\/2021\/02\/sport-300x125.jpg 300w, https:\/\/domainedepamadera.nl\/wp-content\/uploads\/2021\/02\/sport-1024x427.jpg 1024w, https:\/\/domainedepamadera.nl\/wp-content\/uploads\/2021\/02\/sport-768x320.jpg 768w, https:\/\/domainedepamadera.nl\/wp-content\/uploads\/2021\/02\/sport.jpg 1397w\" sizes=\"(max-width: 300px) 100vw, 300px\" \/><\/strong><\/span><span style=\"font-family: 'Rock Salt';\"><strong><span lang=\"de\">Domaine de Pamadera<\/span><\/strong><\/span><\/p>\n<p><img decoding=\"async\" loading=\"lazy\" class=\"alignnone size-medium wp-image-1502\" src=\"https:\/\/domainedepamadera.nl\/wp-content\/uploads\/2022\/01\/776C23C9-B142-4B8A-9109-EF5857F48944-225x300.jpeg\" alt=\"\" width=\"225\" height=\"300\" srcset=\"https:\/\/domainedepamadera.nl\/wp-content\/uploads\/2022\/01\/776C23C9-B142-4B8A-9109-EF5857F48944-225x300.jpeg 225w, https:\/\/domainedepamadera.nl\/wp-content\/uploads\/2022\/01\/776C23C9-B142-4B8A-9109-EF5857F48944-768x1024.jpeg 768w, https:\/\/domainedepamadera.nl\/wp-content\/uploads\/2022\/01\/776C23C9-B142-4B8A-9109-EF5857F48944-1152x1536.jpeg 1152w, https:\/\/domainedepamadera.nl\/wp-content\/uploads\/2022\/01\/776C23C9-B142-4B8A-9109-EF5857F48944-1536x2048.jpeg 1536w, https:\/\/domainedepamadera.nl\/wp-content\/uploads\/2022\/01\/776C23C9-B142-4B8A-9109-EF5857F48944-scaled.jpeg 1920w\" sizes=\"(max-width: 225px) 100vw, 225px\" \/> <img decoding=\"async\" loading=\"lazy\" class=\"alignnone size-medium wp-image-1525\" src=\"https:\/\/domainedepamadera.nl\/wp-content\/uploads\/2022\/01\/5192D9D1-7143-4ACE-B06A-A3BD8BB54966-228x300.jpeg\" alt=\"\" width=\"228\" height=\"300\" srcset=\"https:\/\/domainedepamadera.nl\/wp-content\/uploads\/2022\/01\/5192D9D1-7143-4ACE-B06A-A3BD8BB54966-228x300.jpeg 228w, https:\/\/domainedepamadera.nl\/wp-content\/uploads\/2022\/01\/5192D9D1-7143-4ACE-B06A-A3BD8BB54966-779x1024.jpeg 779w, https:\/\/domainedepamadera.nl\/wp-content\/uploads\/2022\/01\/5192D9D1-7143-4ACE-B06A-A3BD8BB54966-768x1010.jpeg 768w, https:\/\/domainedepamadera.nl\/wp-content\/uploads\/2022\/01\/5192D9D1-7143-4ACE-B06A-A3BD8BB54966.jpeg 1125w\" sizes=\"(max-width: 228px) 100vw, 228px\" \/> <img decoding=\"async\" loading=\"lazy\" class=\"alignnone size-medium wp-image-1551\" src=\"https:\/\/domainedepamadera.nl\/wp-content\/uploads\/2022\/01\/8E80EB69-1F86-4F1C-8C42-4C4D3878FF40-169x300.jpeg\" alt=\"\" width=\"169\" height=\"300\" srcset=\"https:\/\/domainedepamadera.nl\/wp-content\/uploads\/2022\/01\/8E80EB69-1F86-4F1C-8C42-4C4D3878FF40-169x300.jpeg 169w, https:\/\/domainedepamadera.nl\/wp-content\/uploads\/2022\/01\/8E80EB69-1F86-4F1C-8C42-4C4D3878FF40-576x1024.jpeg 576w, https:\/\/domainedepamadera.nl\/wp-content\/uploads\/2022\/01\/8E80EB69-1F86-4F1C-8C42-4C4D3878FF40-768x1365.jpeg 768w, https:\/\/domainedepamadera.nl\/wp-content\/uploads\/2022\/01\/8E80EB69-1F86-4F1C-8C42-4C4D3878FF40-864x1536.jpeg 864w, https:\/\/domainedepamadera.nl\/wp-content\/uploads\/2022\/01\/8E80EB69-1F86-4F1C-8C42-4C4D3878FF40.jpeg 900w\" sizes=\"(max-width: 169px) 100vw, 169px\" \/><\/p>\n<p><img decoding=\"async\" loading=\"lazy\" class=\"alignnone size-medium wp-image-1763\" src=\"https:\/\/domainedepamadera.nl\/wp-content\/uploads\/2022\/01\/943993DE-C0E2-420E-A68B-BFC762238566-300x225.jpeg\" alt=\"\" width=\"300\" height=\"225\" srcset=\"https:\/\/domainedepamadera.nl\/wp-content\/uploads\/2022\/01\/943993DE-C0E2-420E-A68B-BFC762238566-300x225.jpeg 300w, https:\/\/domainedepamadera.nl\/wp-content\/uploads\/2022\/01\/943993DE-C0E2-420E-A68B-BFC762238566-1024x768.jpeg 1024w, https:\/\/domainedepamadera.nl\/wp-content\/uploads\/2022\/01\/943993DE-C0E2-420E-A68B-BFC762238566-768x576.jpeg 768w, https:\/\/domainedepamadera.nl\/wp-content\/uploads\/2022\/01\/943993DE-C0E2-420E-A68B-BFC762238566-1536x1152.jpeg 1536w, https:\/\/domainedepamadera.nl\/wp-content\/uploads\/2022\/01\/943993DE-C0E2-420E-A68B-BFC762238566-2048x1536.jpeg 2048w\" sizes=\"(max-width: 300px) 100vw, 300px\" \/> <img decoding=\"async\" loading=\"lazy\" class=\"alignnone size-medium wp-image-1762\" src=\"https:\/\/domainedepamadera.nl\/wp-content\/uploads\/2022\/01\/F7A37B60-0183-4DAF-9F23-FF3D4B68049C-225x300.jpeg\" alt=\"\" width=\"225\" height=\"300\" srcset=\"https:\/\/domainedepamadera.nl\/wp-content\/uploads\/2022\/01\/F7A37B60-0183-4DAF-9F23-FF3D4B68049C-225x300.jpeg 225w, https:\/\/domainedepamadera.nl\/wp-content\/uploads\/2022\/01\/F7A37B60-0183-4DAF-9F23-FF3D4B68049C-768x1024.jpeg 768w, https:\/\/domainedepamadera.nl\/wp-content\/uploads\/2022\/01\/F7A37B60-0183-4DAF-9F23-FF3D4B68049C-1152x1536.jpeg 1152w, https:\/\/domainedepamadera.nl\/wp-content\/uploads\/2022\/01\/F7A37B60-0183-4DAF-9F23-FF3D4B68049C-1536x2048.jpeg 1536w, https:\/\/domainedepamadera.nl\/wp-content\/uploads\/2022\/01\/F7A37B60-0183-4DAF-9F23-FF3D4B68049C-scaled.jpeg 1920w\" sizes=\"(max-width: 225px) 100vw, 225px\" \/> <img decoding=\"async\" loading=\"lazy\" class=\"alignnone size-medium wp-image-1764\" src=\"https:\/\/domainedepamadera.nl\/wp-content\/uploads\/2022\/01\/DED3D4AB-222D-47DF-8620-DE042B8072A2-225x300.jpeg\" alt=\"\" width=\"225\" height=\"300\" srcset=\"https:\/\/domainedepamadera.nl\/wp-content\/uploads\/2022\/01\/DED3D4AB-222D-47DF-8620-DE042B8072A2-225x300.jpeg 225w, https:\/\/domainedepamadera.nl\/wp-content\/uploads\/2022\/01\/DED3D4AB-222D-47DF-8620-DE042B8072A2-768x1024.jpeg 768w, https:\/\/domainedepamadera.nl\/wp-content\/uploads\/2022\/01\/DED3D4AB-222D-47DF-8620-DE042B8072A2-1152x1536.jpeg 1152w, https:\/\/domainedepamadera.nl\/wp-content\/uploads\/2022\/01\/DED3D4AB-222D-47DF-8620-DE042B8072A2-1536x2048.jpeg 1536w, https:\/\/domainedepamadera.nl\/wp-content\/uploads\/2022\/01\/DED3D4AB-222D-47DF-8620-DE042B8072A2-scaled.jpeg 1920w\" sizes=\"(max-width: 225px) 100vw, 225px\" \/><\/p>\n<p>Neben Ruhe, Raum und Geselligkeit k\u00f6nnen Sie sich in der Domaine de Pamadera mit Sport und Spielen vergn\u00fcgen.<\/p>\n<p>Auf der sauber gefegten Strecke Jeu des Boules k\u00f6nnen Sie bis in die sp\u00e4ten Stunden zu einer sportlichen Herausforderung verf\u00fchrt werden. Achten Sie jedoch darauf, dass es auf franz\u00f6sischem Territorium beim Nationalsport Nummer 1 in Frankreich schwierig werden kann!<\/p>\n<p><span style=\"font-family: 'Rock Salt';\"><strong><img decoding=\"async\" loading=\"lazy\" class=\"alignnone wp-image-723\" src=\"http:\/\/domainedepamadera.nl\/wp-content\/uploads\/2021\/02\/boules-300x185.jpg\" alt=\"\" width=\"355\" height=\"219\" srcset=\"https:\/\/domainedepamadera.nl\/wp-content\/uploads\/2021\/02\/boules-300x185.jpg 300w, https:\/\/domainedepamadera.nl\/wp-content\/uploads\/2021\/02\/boules-768x473.jpg 768w, https:\/\/domainedepamadera.nl\/wp-content\/uploads\/2021\/02\/boules.jpg 952w\" sizes=\"(max-width: 355px) 100vw, 355px\" \/> <img decoding=\"async\" loading=\"lazy\" class=\"alignnone size-medium wp-image-722\" src=\"http:\/\/domainedepamadera.nl\/wp-content\/uploads\/2021\/02\/darts-300x221.jpg\" alt=\"\" width=\"300\" height=\"221\" srcset=\"https:\/\/domainedepamadera.nl\/wp-content\/uploads\/2021\/02\/darts-300x221.jpg 300w, https:\/\/domainedepamadera.nl\/wp-content\/uploads\/2021\/02\/darts-768x566.jpg 768w, https:\/\/domainedepamadera.nl\/wp-content\/uploads\/2021\/02\/darts.jpg 794w\" sizes=\"(max-width: 300px) 100vw, 300px\" \/><\/strong><\/span><br \/>\n<span style=\"font-family: 'Rock Salt';\"><strong><span lang=\"de\">Wenn Sie gut darin sind, Ihre Punkte genau zu erzielen, steht Ihnen die Dartstrecke zur Verf\u00fcgung, auf der die 180 Ihre ultimative Herausforderung sein wird!<\/span><\/strong><\/span><\/p>\n<p>Wir stechen gerne als Domaine de Pamadera hervor und deshalb wurde speziell neben dem Badminton- und Volleyballfeld ein 5&#215;8 Meter gro\u00dfes Lufttrampolin gebaut, auf dem die notwendigen Possen ausgef\u00fchrt werden k\u00f6nnen.<\/p>\n<p>Bist du mehr zu Hause, wenn du einen Ball trittst ?! Dies ist auf unserem Fu\u00dfballplatz m\u00f6glich. Hier verlieren viele V\u00e4ter oder M\u00fctter gegen die j\u00fcngsten Nachkommen.<\/p>\n<p>Da wir auf unserer Domain auspacken, wurde ein echter Basketballplatz gebaut, auf dem Sie sich wie ein echter NBA-Spieler f\u00fchlen und viele Dunk zu Applaus f\u00fchren werden.<\/p>\n<p><span style=\"font-family: 'Rock Salt';\"><strong><img decoding=\"async\" loading=\"lazy\" class=\"alignnone size-medium wp-image-724\" src=\"http:\/\/domainedepamadera.nl\/wp-content\/uploads\/2021\/02\/bask-300x165.jpg\" alt=\"\" width=\"300\" height=\"165\" srcset=\"https:\/\/domainedepamadera.nl\/wp-content\/uploads\/2021\/02\/bask-300x165.jpg 300w, https:\/\/domainedepamadera.nl\/wp-content\/uploads\/2021\/02\/bask-1024x563.jpg 1024w, https:\/\/domainedepamadera.nl\/wp-content\/uploads\/2021\/02\/bask-768x422.jpg 768w, https:\/\/domainedepamadera.nl\/wp-content\/uploads\/2021\/02\/bask.jpg 1052w\" sizes=\"(max-width: 300px) 100vw, 300px\" \/> <img decoding=\"async\" loading=\"lazy\" class=\"alignnone wp-image-725\" src=\"http:\/\/domainedepamadera.nl\/wp-content\/uploads\/2021\/02\/dam-300x142.jpg\" alt=\"\" width=\"349\" height=\"165\" srcset=\"https:\/\/domainedepamadera.nl\/wp-content\/uploads\/2021\/02\/dam-300x142.jpg 300w, https:\/\/domainedepamadera.nl\/wp-content\/uploads\/2021\/02\/dam-1024x484.jpg 1024w, https:\/\/domainedepamadera.nl\/wp-content\/uploads\/2021\/02\/dam-768x363.jpg 768w, https:\/\/domainedepamadera.nl\/wp-content\/uploads\/2021\/02\/dam-1536x726.jpg 1536w, https:\/\/domainedepamadera.nl\/wp-content\/uploads\/2021\/02\/dam.jpg 1624w\" sizes=\"(max-width: 349px) 100vw, 349px\" \/><\/strong><\/span><br \/>\n<span style=\"font-family: 'Rock Salt';\"><strong><span lang=\"de\">Wenn Sie auf der Suche nach einer ruhigeren Wasserstra\u00dfe sind, haben wir auch einen XXL-K\u00f6nig und ein Schachbrett, mit denen Sie in diesen traditionellen Spielen gegen jedes Alter antreten k\u00f6nnen, jedoch im gr\u00f6\u00dften Format. Kurz gesagt, Sie werden sich w\u00e4hrend Ihres Aufenthalts in der Domaine de Pamadera sicherlich nicht langweilen<\/span><\/strong><\/span><\/p>\n","protected":false},"excerpt":{"rendered":"<p>Sport und Spiele am \u2026\u2026 Domaine de Pamadera Neben Ruhe, Raum und Geselligkeit k\u00f6nnen Sie sich in der Domaine de Pamadera mit Sport und Spielen vergn\u00fcgen. Auf der sauber gefegten Strecke Jeu des Boules k\u00f6nnen Sie bis in die sp\u00e4ten Stunden zu einer sportlichen Herausforderung verf\u00fchrt werden. Achten Sie jedoch darauf, dass es auf franz\u00f6sischem [&hellip;]<\/p>\n","protected":false},"author":1,"featured_media":0,"parent":0,"menu_order":0,"comment_status":"closed","ping_status":"closed","template":"","meta":{"footnotes":""},"_links":{"self":[{"href":"https:\/\/domainedepamadera.nl\/duits\/wp-json\/wp\/v2\/pages\/334"}],"collection":[{"href":"https:\/\/domainedepamadera.nl\/duits\/wp-json\/wp\/v2\/pages"}],"about":[{"href":"https:\/\/domainedepamadera.nl\/duits\/wp-json\/wp\/v2\/types\/page"}],"author":[{"embeddable":true,"href":"https:\/\/domainedepamadera.nl\/duits\/wp-json\/wp\/v2\/users\/1"}],"replies":[{"embeddable":true,"href":"https:\/\/domainedepamadera.nl\/duits\/wp-json\/wp\/v2\/comments?post=334"}],"version-history":[{"count":16,"href":"https:\/\/domainedepamadera.nl\/duits\/wp-json\/wp\/v2\/pages\/334\/revisions"}],"predecessor-version":[{"id":1769,"href":"https:\/\/domainedepamadera.nl\/duits\/wp-json\/wp\/v2\/pages\/334\/revisions\/1769"}],"wp:attachment":[{"href":"https:\/\/domainedepamadera.nl\/duits\/wp-json\/wp\/v2\/media?parent=334"}],"curies":[{"name":"wp","href":"https:\/\/api.w.org\/{rel}","templated":true}]}}